165537
Convert -5752 (base 10) to base 11.
-435a
What is -2672 (base 9) in base 12?
-11b5
-220 (base 4) to base 13
-31
What is -15646 (base 9) in base 8?
-24756
Convert 10232 (base 7) to base 16.
9da
-34641 (base 10) to base 16
-8751
Convert -1301301 (base 4) to base 15.
-2256
What is -105050 (base 6) in base 11?
-6749
What is -11515 (base 6) in base 4?
-122213
11216 (base 7) to base 8
5447
15283 (base 10) to base 2
11101110110011
646 (base 7) to base 6
1304
What is 1900 (base 11) in base 14?
c4c
What is -2112 (base 10) in base 3?
-2220020
660 (base 10) to base 15
2e0
What is -3430 (base 6) in base 5?
-11220
-3123 (base 6) to base 11
-586
Convert -1001110101001111 (base 2) to base 10.
-40271
-3300 (base 8) to base 16
-6c0
What is -100010 (base 3) in base 4?
-3312
2816 (base 9) to base 16
849
Convert -507 (base 8) to base 15.
-16c
Convert -30133 (base 5) to base 3.
-2122001
What is 203b (base 14) in base 9?
7536
What is 5356 (base 8) in base 14?
103c
Convert 1636 (base 7) to base 4.
22120
Convert 110421 (base 6) to base 12.
5411
10334 (base 5) to base 11
5a4
-107a (base 13) to base 3
-10011010
Convert -1600 (base 10) to base 8.
-3100
Convert 3523 (base 6) to base 11.
6a7
Convert -10109 (base 10) to base 2.
-10011101111101
What is 6054 (base 9) in base 11?
3361
Convert 4a98 (base 12) to base 9.
12548
4a (base 15) to base 2
1000110
-18e (base 15) to base 2
-101100111
889 (base 12) to base 11
a43
What is 10422 (base 6) in base 10?
1454
-111001111111 (base 2) to base 14
-14d1
What is -10319 (base 10) in base 13?
-490a
Convert 3394 (base 13) to base 11.
5473
-60641 (base 7) to base 2
-11100110001001
What is -570 (base 9) in base 5?
-3333
603 (base 10) to base 7
1521
Convert 333212 (base 4) to base 14.
16aa
-e59 (base 15) to base 6
-22550
-6106 (base 7) to base 16
-841
Convert -3a6 (base 15) to base 4.
-30333
-c490 (base 14) to base 12
-176ba
What is -651 (base 11) in base 12?
-552
-4473 (base 12) to base 15
-23a0
5076 (base 14) to base 6
144000
Convert -22101 (base 3) to base 2.
-11100010
c93 (base 14) to base 13
118b
-232 (base 8) to base 7
-310
What is -155231 (base 8) in base 6?
-1111025
What is 11013 (base 4) in base 7?
645
What is -1011111100100 (base 2) in base 14?
-232c
What is -21323 (base 4) in base 2?
-1001111011
What is -37b4 (base 13) in base 5?
-223141
Convert -201231 (base 6) to base 13.
-72ac
Convert 201221 (base 4) to base 15.
988
-104302 (base 5) to base 9
-5063
100100011010 (base 2) to base 10
2330
Convert 1911 (base 10) to base 7.
5400
What is 20022 (base 4) in base 14?
294
798 (base 12) to base 14
5a4
What is -2592 (base 12) in base 13?
-1c49
Convert 265 (base 7) to base 6.
401
What is -2003 (base 6) in base 13?
-276
What is 1010010001111 (base 2) in base 12?
3067
Convert 21333 (base 5) to base 12.
a24
What is a6 (base 11) in base 9?
138
Convert -b74 (base 15) to base 11.
-1a3a
24402 (base 10) to base 5
1240102
Convert -2023403 (base 5) to base 13.
-1201a
Convert 1122100 (base 3) to base 9.
1570
Convert -11ec4 (base 15) to base 10.
-57334
-21131 (base 6) to base 10
-2863
Convert -1463 (base 8) to base 6.
-3443
Convert -11011001111101 (base 2) to base 13.
-6470
-121110101 (base 3) to base 12
-6b3a
What is 4233 (base 6) in base 10?
957
What is 16e (base 15) in base 12?
235
5561 (base 8) to base 9
4014
-11431 (base 6) to base 13
-9bb
-344 (base 13) to base 14
-2c3
-13436 (base 7) to base 11
-2821
Convert 24661 (base 9) to base 13.
7714
What is -752 (base 13) in base 16?
-4e2
-250b (base 12) to base 14
-1751
Convert -8c00 (base 14) to base 11.
-17295
What is 34a (base 14) in base 12?
466
Convert -5a45 (base 13) to base 16.
-31bc
17379 (base 11) to base 14
8c75
What is -26142 (base 8) in base 15?
-3577
Convert 10213 (base 4) to base 12.
207
What is -515 (base 16) in base 13?
-791
-332 (base 5) to base 2
-1011100
Convert -2ca (base 15) to base 2.
-1010000000
Convert -20341 (base 9) to base 7.
-54034
What is 1032 (base 4) in base 16?
4e
Convert 999 (base 11) to base 10.
1197
25531 (base 6) to base 10
3871
What is -21112 (base 4) in base 3?
-211011
What is -11011110 (base 2) in base 12?
-166
What is -40214 (base 6) in base 2?
-1010010010010
-111 (base 12) to base 16
-9d
Convert -86a3 (base 12) to base 3.
-202022120
-744 (base 9) to base 10
-607
-4534 (base 8) to base 11
-1889
Convert 1a29 (base 12) to base 13.
15c3
What is 1168 (base 16) in base 14?
18a4
438 (base 12) to base 3
211222
What is 2110112112 (base 3) in base 7?
261263
What is -1134 (base 6) in base 4?
-10102
What is -446 (base 9) in base 10?
-366
Convert 1011001010110010 (base 2) to base 11.
31408
What is 2231 (base 13) in base 2?
1001010100100
Convert -30a8 (base 11) to base 14.
-16d9
Convert 34143 (base 6) to base 7.
20016
-26060 (base 7) to base 3
-100110122
-225010 (base 6) to base 12
-b166
584 (base 12) to base 5
11240
What is 101001010010011 (base 2) in base 14?
79bd
What is -13113 (base 4) in base 14?
-259
700 (base 16) to base 4
130000
What is -1046 (base 11) in base 15?
-621
Convert 10011011110000 (base 2) to base 9.
14605
What is 35281 (base 9) in base 5?
1223223
What is -698 (base 15) in base 5?
-21433
10001000011 (base 2) to base 13
65c
-211111110 (base 3) to base 7
-65550
-18603 (base 9) to base 13
-5b2c
Convert 1117 (base 8) to base 3.
210220
38b3 (base 13) to base 5
224324
What is -114311 (base 7) in base 14?
-77b1
2245 (base 6) to base 5
4113
What is 273 (base 11) in base 13?
1ba
Convert -92 (base 11) to base 3.
-10202
Convert -1011011111 (base 2) to base 14.
-3a7
Convert -2bd (base 15) to base 7.
-1555
Convert 1bb8 (base 13) to base 16.
106f
Convert -14103 (base 8) to base 10.
-6211
110241 (base 5) to base 11
2964
Convert -474 (base 10) to base 4.
-13122
What is -2447 (base 8) in base 16?
-527
-10001000101010 (base 2) to base 5
-234441
120103 (base 5) to base 4
1010303
3d7 (base 14) to base 4
30021
Convert 2211201 (base 3) to base 13.
c34
What is -25641 (base 9) in base 4?
-10032022
What is 1000100121 (base 3) in base 4?
10313212
Convert 101101111 (base 2) to base 14.
1c3
What is 111c (base 14) in base 11?
2257
Convert 1312230 (base 4) to base 9.
11370
-10301 (base 4) to base 5
-2210
What is -217 (base 15) in base 2?
-111011000
Convert -b78b (base 12) to base 8.
-47233
Convert 1030 (base 16) to base 2.
1000000110000
Convert -443133 (base 5) to base 12.
-8b0a
Convert c3 (base 13) to base 14.
b5
-54274 (base 9) to base 12
-1897a
5306 (base 11) to base 13
3274
Convert -2581a (base 13) to base 10.
-69482
-10001000000100101 (base 2) to base 6
-1254313
Convert -32503 (base 10) to base 9.
-48524
-1001001011101 (base 2) to base 9
-6403
Convert -2556 (base 8) to base 7.
-4024
What is 572 (base 13) in base 11?
783
Convert -111011111011001 (base 2) to base 9.
-46070
11201 (base 6) to base 3
2011201
What is d2 (base 16) in base 5?
1320
-10a7 (base 14) to base 3
-10222002
2274 (base 9) to base 12
b87
Convert -123104 (base 6) to base 16.
-2b30
-7c7 (base 15) to base 2
-11011100010
What is 606 (base 7) in base 16?
12c
Convert 287 (base 10) to base 5.
2122
Convert 100111 (base 2) to base 6.
103
-2301232 (base 4) to base 10
-11374
What is -5733 (base 8) in base 11?
-230a
What is -100001000111 (base 2) in base 11?
-1657
126 (base 15) to base 10
261
-11980 (base 12) to base 3
-1012201120
Convert 112421 (base 5) to base 12.
2467
What is 3519 (base 11) in base 15?
157d
What is 43500 (base 7) in base 12?
6366
What is 2130012 (base 4) in base 10?
9990
What is -3bc (base 15) in base 7?
-2325
Convert 1098b (base 12) to base 11.
156a7
16a8 (base 12) to base 15
c15
9863 (base 12) to base 2
100000110001011
841a (base 13) to base 10
18275
Convert 111010110001101 (base 2) to base 7.
153510
161d (base 14) to base 5
111242
ba8 (base 12) to base 5
23322
What is -1515a (base 14) in base 12?
-263b8
What is -27 (base 10) in base 8?
-33
What is -2153 (base 14) in base 4?
-1121331
What is 10001010000000 (base 2) in base 7?
34515
What is 12110 (base 6) in base 7?
5106
What is -21011 (base 5) in base 13?
-823
Convert 201202200 (base 3) to base 7.
60003
Convert 531 (base 14) to base 13.
609
Convert -11 (base 15) to base 14.
-12
Convert 4b58 (base 12) to base 3.
102202012
-6099 (base 11) to base 6
-101250
Convert -400 (base 9) to base 6.
-1300
Convert 1585 (base 12) to base 7.
10301
1312321 (bas